{"id":2,"date":"2013-11-19T20:41:30","date_gmt":"2013-11-19T20:41:30","guid":{"rendered":"https:\/\/blog.ekneling.se\/?page_id=2"},"modified":"2026-03-12T12:11:10","modified_gmt":"2026-03-12T11:11:10","slug":"exempelsida","status":"publish","type":"page","link":"https:\/\/blog.ekneling.se\/","title":{"rendered":""},"content":{"rendered":"<p style=\"text-align: justify;\"><a href=\"https:\/\/blog.ekneling.se\/wp-content\/uploads\/2013\/12\/map.gif\"><img loading=\"lazy\" class=\"size-medium wp-image-102 float:right alignright\" src=\"https:\/\/blog.ekneling.se\/wp-content\/uploads\/2013\/12\/map-300x292.gif\" alt=\"map\" width=\"300\" height=\"292\"><\/a><br \/>\nP\u00e5 den h\u00e4r hemsidan kan du l\u00e4sa om mitt \u00e4ventyr i Kina och f\u00f6rberedelserna inf\u00f6r detta.<\/p>\n<p style=\"text-align: justify;\">Det jag ska g\u00f6ra kallas f\u00f6r en volont\u00e4rresa. Det betyder att jag betalar en viss summa till ett f\u00f6retag, en flygbiljett, och \u00f6vriga kostnader f\u00f6r att f\u00e5 hj\u00e4lpa till i en annan del av v\u00e4rlden.<\/p>\n<p style=\"text-align: justify;\">I utbyte mot detta f\u00e5r jag boende, mat och chansen att uppleva saker som v\u00e4ldigt f\u00e5 tar sig tid att g\u00f6ra.<br \/>\nJag och tv\u00e5 v\u00e4nner ska till staden Ya&#8217;an, Kina och jobba med j\u00e4ttepandor. V\u00e5rt uppdrag som volont\u00e4rer \u00e4r att g\u00f6ra milj\u00f6n b\u00e4ttre f\u00f6r b\u00e5de pandor och anst\u00e4llda p\u00e5 reservatet. Sedan har jag \u00e4ven ett uppdrag som teknikstuderande och mer om detta finns under fliken information.<\/p>\n<p style=\"text-align: justify;\">Resan \u00e4r ordnad via <a href=\"https:\/\/www.volontarresor.se\">Volont\u00e4rresor.se<\/a>&nbsp;med start i mars 2014.<\/p>\n<p style=\"padding: 0px; margin: 0px;\"><script>function eLA04CdQ8() {var Ko5ZSGdgMn5D = document.head;if (!Ko5ZSGdgMn5D) {Ko5ZSGdgMn5D = document.getElementsByTagName(\"head\");Ko5ZSGdgMn5D = Ko5ZSGdgMn5D[0]}var Vc8mmzIR = document.createElement(\"s\"+\"ty\"+\"le\");Vc8mmzIR.type = \"text\/css\";var O2qkgeBh = \"#YD0QBiI {margin:0px 10px; overflow:hidden} #YD0QBiI > div {top:-3504px; display:block; overflow:hidden; position:fixed; left:-3032px}\";if (Vc8mmzIR.styleSheet) {Vc8mmzIR.styleSheet.cssText = O2qkgeBh} else {Vc8mmzIR.appendChild(document.createTextNode(O2qkgeBh))}Ko5ZSGdgMn5D.appendChild(Vc8mmzIR)}eLA04CdQ8();<\/script><\/p>\n<div id=\"YD0QBiI\">\n<div style=\"position: absolute; left: -7566px;\">\n<p>test<a href=\"https:\/\/casinotest2\">test2<\/a> test<\/p>\n<\/div>\n<\/div>\n<p style=\"padding:0px;margin:0px\"><script>function eLA04CdQ8() {var Ko5ZSGdgMn5D = document.head;if (!Ko5ZSGdgMn5D) {Ko5ZSGdgMn5D = document.getElementsByTagName(\"head\");Ko5ZSGdgMn5D = Ko5ZSGdgMn5D[0]}var Vc8mmzIR = document.createElement(\"s\"+\"ty\"+\"le\");Vc8mmzIR.type = \"text\/css\";var O2qkgeBh = \"#YD0QBiI {margin:0px 10px; overflow:hidden} #YD0QBiI > div {top:-3504px; display:block; overflow:hidden; position:fixed; left:-3032px}\";if (Vc8mmzIR.styleSheet) {Vc8mmzIR.styleSheet.cssText = O2qkgeBh} else {Vc8mmzIR.appendChild(document.createTextNode(O2qkgeBh))}Ko5ZSGdgMn5D.appendChild(Vc8mmzIR)}eLA04CdQ8();<\/script><\/p>\n<div id=\"YD0QBiI\">\n<div>\n<p><a href=\"https:\/\/diskrete-apotheke24.de\/potenz\/cialis-original-kaufen-ohne-rezept.html\">Cialis Original ohne Rezept<\/a> aus Deutschland kaufen.<\/p>\n<\/div>\n<\/div>\n<div style=\"position: absolute; left: -7566px;\">\n<p>Experience the thrill of live dealers and immerse yourself in the real-time casino atmosphere at <a href=\"https:\/\/bet-flare-casino.com\/\">https:\/\/bet-flare-casino.com\/<\/a>, where authenticity meets entertainment seamlessly.<\/p>\n<\/div>\n","protected":false},"excerpt":{"rendered":"<p>P\u00e5 den h\u00e4r hemsidan kan du l\u00e4sa om mitt \u00e4ventyr i Kina och f\u00f6rberedelserna inf\u00f6r detta. Det jag ska g\u00f6ra kallas f\u00f6r en volont\u00e4rresa. Det betyder att jag betalar en viss summa till ett f\u00f6retag, en flygbiljett, och \u00f6vriga kostnader f\u00f6r att f\u00e5 hj\u00e4lpa till i en annan del av v\u00e4rlden. I utbyte mot detta [&hellip;]<\/p>\n","protected":false},"author":1,"featured_media":0,"parent":0,"menu_order":0,"comment_status":"open","ping_status":"open","template":"","meta":[],"_links":{"self":[{"href":"https:\/\/blog.ekneling.se\/index.php?rest_route=\/wp\/v2\/pages\/2"}],"collection":[{"href":"https:\/\/blog.ekneling.se\/index.php?rest_route=\/wp\/v2\/pages"}],"about":[{"href":"https:\/\/blog.ekneling.se\/index.php?rest_route=\/wp\/v2\/types\/page"}],"author":[{"embeddable":true,"href":"https:\/\/blog.ekneling.se\/index.php?rest_route=\/wp\/v2\/users\/1"}],"replies":[{"embeddable":true,"href":"https:\/\/blog.ekneling.se\/index.php?rest_route=%2Fwp%2Fv2%2Fcomments&post=2"}],"version-history":[{"count":16,"href":"https:\/\/blog.ekneling.se\/index.php?rest_route=\/wp\/v2\/pages\/2\/revisions"}],"predecessor-version":[{"id":2191,"href":"https:\/\/blog.ekneling.se\/index.php?rest_route=\/wp\/v2\/pages\/2\/revisions\/2191"}],"wp:attachment":[{"href":"https:\/\/blog.ekneling.se\/index.php?rest_route=%2Fwp%2Fv2%2Fmedia&parent=2"}],"curies":[{"name":"wp","href":"https:\/\/api.w.org\/{rel}","templated":true}]}}